s the remainder when g is divided by 23?
22
Let d be 4 - (6/2 - -2). Let g = d + 12. What is the remainder when 20 is divided by g?
9
Let p(i) = -i**2 - 14*i + 5. Let k be (-20 + -1)*8/12. Let c be p(k). Suppose 2*x = 5 + c. What is the remainder when 18 is divided by x?
3
Let q(p) = 2*p**2 + 8*p - 50. What is the remainder when 114 is divided by q(5)?
34
Suppose b = 4*u + 29, -21*b + 183 = -16*b - u. Let d(x) = 4*x + 2*x - 4*x - 1 + 9*x**2. What is the remainder when b is divided by d(1)?
7
Let d(w) = 4*w**3 + 2*w - 3. Let j be d(1). Suppose -j*a + 35 + 61 = 0. Calculate the remainder when 157 is divided by a.
29
Suppose 4*n - 11 = 13. Calculate the remainder when 21 - (4/12)/((-1)/n) is divided by (3/2 - 1)*24.
11
Let f(w) = 2*w**2 - 7*w + 4. Let q be f(4). Calculate the remainder when 21 is divided by 4 + 8/(-2) + q.
5
What is the remainder when 41 is divided by 2*((-183)/(-6) - 10)?
0
Let z = 57 + -20. What is the remainder when 219 is divided by z?
34
Let p(u) = -21*u. What is the remainder when 123 is divided by p(-1)?
18
Let u(f) = 2*f**3 - 4*f**2 + 2*f. Let g be -4 - (4 + -5) - -7. Suppose y + 32 = g*i + 5*y, 3*y + 2 = -i. What is the remainder when u(3) is divided by i?
11
Suppose 0 = 5*y - 71 - 39. Suppose -f - 4*f - 4*w - 67 = 0, -5*w + 55 = -3*f. Let q = f + 27. Calculate the remainder when y is divided by q.
10
Let b = -23 + 66. Suppose -f - f - 56 = -4*x, 3*x - f - b = 0. Calculate the remainder when 103 is divided by x.
13
Let s = -66 - -79. Let x(o) = o**2 - 5*o + 4*o**2 - 4*o**2. What is the remainder when x(-4) is divided by s?
10
Let d(t) = 6*t**2 - 34*t + 30. What is the remainder when 36 is divided by d(5)?
6
Suppose 6*s = 471 - 45. Let m = s + -34. What is the remainder when m is divided by 25?
12
Suppose 0 = -13*b + 25*b - 120. Calculate the remainder when 118 is divided by b.
8
Let z(n) = -n**2 + 11*n + 2. Let b be z(9). What is the remainder when b - (4 - (2 - 1)) is divided by 5?
2
Let t = 38 - -53. Calculate the remainder when t is divided by (-2 - -4)*(-46)/(-4).
22
Suppose 2*f = -2*f - 32. Let w(h) = -h**2 - 9*h + 5. Calculate the remainder when 25 is divided by w(f).
12
Suppose -14*u + 90 = -190. Let g = -142 + 219. Calculate the remainder when g is divided by u.
17
Suppose 447 = 4*s - 3*a, -2*s = 13*a - 17*a - 216. What is the remainder when s is divided by 55?
4
Calculate the remainder when 87 is divided by 12/42 - ((-2736)/21)/6.
21
Suppose -65 + 17 = -3*t. Suppose -122 = 2*v + 4*r, -3*v - 182 = 2*r - 11. Let p = -8 - v. What is the remainder when p is divided by t?
15
Suppose -3*i = -2*b - 13, -3*b - 2*i - 3 = -2*b. Let v = 19 + b. Calculate the remainder when 67 is divided by v.
11
Let b be -6*(-2)/(-4) + 15. Let s be (15/(-2))/((-9)/b). Suppose 2*h - 38 = -s. Calculate the remainder when 22 is divided by h.
8
Let x = -438 - -466. Calculate the remainder when 108 is divided by x.
24
Suppose 4*p = -174 + 190. What is the remainder when 57 is divided by p?
1
Let f be ((-15)/90)/((-2)/6)*12. Suppose -6*c + 1452 = f*c. What is the remainder when c is divided by 41?
39
Let w(i) = -12*i + 20*i**2 + 3*i - 14*i - 3 + 32 + i**3. Calculate the remainder when w(-21) is divided by 18.
17
Suppose d + 4 = 9. Let q = 2392 - 2384. Calculate the remainder when q is divided by d.
3
Let w = -27 + 40. Suppose 60 = -3*i + 4*i. What is the remainder when i is divided by w?
8
Let h(a) = -58*a - 3. Let w be h(-3). Let m = w - 103. Suppose -123*l - 230 = -133*l. What is the remainder when m is divided by l?
22
Let g be (-4 + 14/6)*-3. Suppose 0*q = q + 4*o - 4, -4*q + g*o + 79 = 0. What is the remainder when 46 is divided by q?
14
Let q(o) = -26*o + 263. Calculate the remainder when q(10) is divided by 3.
0
Let h = -85 + 90. Let x(j) = j**3 - j**2 - 4*j - 9. Calculate the remainder when x(h) is divided by 12.
11
Suppose 5*w + 20 - 90 = 0. What is the remainder when 237 is divided by w?
13
Let p(l) = l**3 - 12*l**2 - 13*l + 13. Suppose 5*z = 5*r - 35, 13*z = 18*z. What is the remainder when p(13) is divided by r?
6
Suppose 293*j - 295*j = -254. What is the remainder when j is divided by 33?
28
Let g = -9 - -95. Suppose -5*m - 31 = -g. What is the remainder when 40 is divided by m?
7
Suppose 0 = 3*r + 2*t - 42, 2*r + 28 = 4*r + 5*t. Let x = 208 - 88. Suppose -4*u + x = -u. Calculate the remainder when u is divided by r.
12
Suppose -35 = -4*c - 3*w, -4*c = -2*c - 3*w - 13. Suppose 2*s - 50 = -2*x, -2*s - 5*x + 43 = -13. Calculate the remainder when s is divided by c.
7
Suppose 0 = -49*u + 55*u - 126. Calculate the remainder when 33 is divided by u.
12
Suppose -4*f = -56 - 44. Let w = f - -15. What is the remainder when w is divided by (4 - (-18)/(-8))*(0 + 8)?
12
Let c be 1*10 - 0/5. Suppose -p - 5*v = -c - 21, 4*p - 4*v - 100 = 0. Calculate the remainder when ((-5)/(-1) - -96)*1 is divided by p.
23
Let b = 27 - 7. Suppose -17*w - 12 = -b*w. Calculate the remainder when 8 is divided by w.
0
Let d be (-27)/18 - (-41)/(-2). Let u be 8/(-44) + (-48)/d. Suppose 0 = -u*m - m + 4*a + 63, -2*m = 5*a - 42. Calculate the remainder when 62 is divided by m.
20
Let y = -2 - 12. Let d = -29 - y. Let n = d + 34. Calculate the remainder when n is divided by 10.
9
Let b(y) = y**3 - 9*y**2 + 11*y - 10. Suppose -4*n + 37 = 4*r - 15, -4*n + 3*r + 17 = 0. Calculate the remainder when 1/((0 + 2)/108) is divided by b(n).
12
Suppose 0 = 2*r + 3*u - 75, -3*r + 6*r - u = 85. Suppose a = 6*a + r. Let h = 26 + a. Calculate the remainder when h is divided by 11.
9
Let l = -230 + 263. What is the remainder when l is divided by 23?
10
Suppose 12*v + 22*v - 4216 = 0. What is the remainder when v is divided by 65?
59
Suppose 0 = w + 5*m - 26, -m + 13 - 21 = -w. What is the remainder when 65 is divided by w?
10
Suppose 3*u = 11 - 5. Suppose 5*s = -3*j + 247, -7*s + u*s + 231 = -j. What is the remainder when s is divided by 17?
13
Let g = 296 - 97. What is the remainder when g is divided by 54?
37
Let x = 641 + -558. What is the remainder when x is divided by 13?
5
Let j(g) be the first derivative of g**2/2 - 6*g + 2. Let y be j(9). Suppose 2*l + 7 = y, l = -2*z + 18. Calculate the remainder when 27 is divided by z.
7
Let c be 384/(-27) + (-6)/(-27). What is the remainder when 24 is divided by ((-7)/c)/(2/52)?
11
Suppose 2*b + 2*j - 8 = -10, -5*j = -3*b + 29. Suppose 0 = -5*w - 5*q + 25, -2*w + 8 = b*q. Calculate the remainder when 19 is divided by w.
5
Let j(x) = x**3 + 4*x**2 + 4. What is the remainder when 271 is divided by j(-3)?
11
Let g(w) = 14*w - 162. What is the remainder when 406 is divided by g(14)?
32
Let v = 14 + -7. Let x = 15 + v. What is the remainder when x is divided by (-4)/(-3)*(-18)/(-2)?
10
Let i(d) = -3*d**3 - 2*d**2 - 16*d - 42. What is the remainder when 225 is divided by i(-3)?
18
Let g be (15/6)/((-1)/(-2)). Suppose g - 3 = -o. Let f(s) = 2*s**2 + s + 3. Calculate the remainder when 26 is divided by f(o).
8
Suppose -p - 2*x = -7, 3*x + x - 8 = 0. Suppose -z + 58 = -2*d - 21, 2*z - p*d = 153. Calculate the remainder when z is divided by 12.
9
Suppose -250 - 1592 = -6*d. Calculate the remainder when d is divided by 52.
47
Let w(y) = 2*y**2 + y + 1. Let m be ((-96)/15)/((-16)/20 + 1). Let p = m + 64. What is the remainder when p is divided by w(2)?
10
Let v = 44 + -26. Let r = 148 - 103. Suppose -i + r = -25. Calculate the remainder when i is divided by v.
16
Let l be 2/(-6)*(96 + -21). Let b = l + 41. Calculate the remainder when 77 is divided by b.
13
Let s be 4/(16/36) - -3. Suppose -s = -4*w - 4*o, 0 = -o - 5. Calculate the remainder when w is divided by -10*(-2 + 6/4).
3
Calculate the remainder when (-12645)/(-105) - 6 - (-4)/7 is divided by 61.
54
What is the remainder when 122 is divided by -7 + (3*-138)/(-9)?
5
Suppose -8*q = -12*q - 2*i + 214, -3*q + 171 = -2*i. What is the remainder when 144 is divided by q?
34
Let s(p) = p**3 + 7*p**2 + 3*p + 3. What is the remainder when s(-4) is divided by 5?
4
Let i be 2/4 - (-63)/(-14). Let r(z) = -3*z. Let m be r(i). Calculate the remainder when 18 is divided by 82/m + 11/66.
4
Let k(l) = l**3 + 7*l**2 - 6*l + 2. Let f be k(-6). Let v(q) = -3*q + f - 74. Calculate the remainder when v(-1) is divided by 1.
0
Suppose 3*m + 3*m - 12 = 0. Suppose -4*c + 132 = 4*j + 12, 2*j - m*c = 40. What is the